n + 77. Let t be ((-1)/1 - -1) + n. Suppose -2*r + t + 5 = 0. Calculate the remainder when r is divided by 18.
17
Suppose 60 = 6*y - y. Calculate the remainder when 34 is divided by y.
10
Let g(p) = -53*p + 5. Let j(y) = 18*y - 2. Let v(x) = 3*g(x) + 8*j(x). Let r be v(-3). What is the remainder when (-1 - (1 - 3))*r is divided by 15?
14
Suppose 3*h = 64 + 50. Calculate the remainder when h is divided by 5.
3
What is the remainder when -6*16/(-18)*12 is divided by 17?
13
Suppose -90 = -8*m + 6. Calculate the remainder when 21 is divided by m.
9
Let p(f) = -10*f - 1. Let z be p(-1). Suppose z - 37 = -4*w. Calculate the remainder when w is divided by 4.
3
Let r = 26 + -9. What is the remainder when 83 is divided by r?
15
Suppose -v = 2*l - 25, 2*l = 4*l - 4*v - 20. Let k(d) = d + 6. Suppose 26 + 4 = 3*t. Calculate the remainder when k(l) is divided by t.
8
Suppose -5*r = -5*u - 90, 4*r + 0*u = -u + 77. Calculate the remainder when 74 is divided by r.
17
Suppose -h = -3*z + 57, -z = -h - 0*h - 21. Calculate the remainder when 69 is divided by z.
15
Suppose 3*x - 77 = 7*j - 2*j, x - 23 = -j. Suppose -g - g = x. Let f = -8 - g. Calculate the remainder when 10 is divided by f.
2
Let s = -47 + 80. Let c = -23 + s. Calculate the remainder when 37 is divided by c.
7
Let m = 61 - 33. Suppose f + 11 = m. Calculate the remainder when 32 is divided by f.
15
Calculate the remainder when 51 is divided by (-2)/(((-3)/(-27))/(1/(-2))).
6
Suppose 4*m + 3*h - 99 = 0, 0 = -m + h + 21 + 9. What is the remainder when m is divided by 6?
3
Suppose -11 = v - 3*n, -4*v - 3*n + 31 = -0*v. Let j(r) = -r + v + 0 + 0*r. What is the remainder when 7 is divided by j(0)?
3
Let t(y) = y**3 + 4*y - 7. What is the remainder when 62 is divided by t(3)?
30
Let d be (-2)/10*-2*40. Suppose 32 = 4*m - d. What is the remainder when 33 is divided by m?
9
Suppose g - 3*g + 4 = 0. Let m be ((-4)/g)/((-2)/43). Let l = m + -31. What is the remainder when 23 is divided by l?
11
Let a = 320 + -168. What is the remainder when a is divided by 14?
12
Let n(g) = -g**3 + 10*g**2 - 6*g - 14. Calculate the remainder when n(6) is divided by 24.
22
Let m(b) = 8*b - 9. Let r = 10 - 7. What is the remainder when 41 is divided by m(r)?
11
Let p(b) = 12*b**3 - 2*b**2 - b + 2. What is the remainder when 19 is divided by p(1)?
8
Suppose -q - 2*v = -21, 4*q = -5*v + 38 + 43. Calculate the remainder when q is divided by 11.
8
Let v = -17 + -67. What is the remainder when -1 - v/(2 + 1) is divided by 14?
13
Suppose -5 = -5*k + 5. Calculate the remainder when 3 is divided by k.
1
Suppose -m = -2 - 64. Calculate the remainder when m is divided by 17.
15
Suppose 0 = -4*q - 8, -2*c = -5*q + 3 + 11. Let p(s) = -s**2 - 15*s - 12. Calculate the remainder when 45 is divided by p(c).
21
Suppose -4*y + p + 101 = -64, y - 3*p = 33. Calculate the remainder when y is divided by (-6)/(-2)*44/6.
20
Let f(i) be the third derivative of 5*i**4/24 - i**3/6 - 2*i**2. What is the remainder when (10/6)/((-3)/(-45)) is divided by f(2)?
7
Let g = 9 - 4. Suppose l - 8 + 2 = 0. Suppose -21 + l = -5*t. What is the remainder when g is divided by t?
2
Suppose 4*w - 2*x - 48 = -0*w, -4*x - 36 = -2*w. What is the remainder when w is divided by 6?
4
Suppose -2*q = 11 + 1. What is the remainder when 53 is divided by ((-18)/(-8))/(q/(-48))?
17
Let m(a) = 2*a - 1. Suppose -4*u + 7 = -3*u. Let g be 1*2*u/2. Calculate the remainder when 24 is divided by m(g).
11
Let f be 0 + 1/(-1) + 3. What is the remainder when 7 is divided by 1/((-1)/(-2)) + f?
3
Suppose 5*u + 3*k = 2*u + 327, -3*u = k - 325. Calculate the remainder when u is divided by 37.
34
Suppose 2*f = -g + 6 + 11, -3*g + 18 = -5*f. Let n = 4 + 0. Calculate the remainder when g is divided by n.
3
Let v be -3 + 1 - (-2 - 0). Let w = -3 - v. What is the remainder when 23 is divided by 18/1*(-2)/w?
11
Calculate the remainder when 9 is divided by (-8)/(-12) - 78/(-18).
4
Let n be (-1)/(-5) - 213/15. Let x = n - -20. What is the remainder when 17 is divided by x?
5
Let g be 4*(267/2)/3. Suppose g = 5*l + 48. Suppose -3*h = -5*o - 52, -o - 58 = -4*h - 0*o. Calculate the remainder when l is divided by h.
12
Suppose -26 = -2*l - 288. Let k = -78 - l. Suppose -4*j = 1 - k. Calculate the remainder when 38 is divided by j.
12
Suppose -11 = 4*r - 63. Calculate the remainder when r is divided by 5.
3
Let k(i) = -i**3 + 9*i**2 + 11*i - 12. Let j be k(10). Let f(m) = m**2 - 3*m - 3. Suppose -n + 12 = -0*n. Calculate the remainder when n is divided by f(j).
5
Let x be 0/(-1)*(1 + 0). Suppose j = -2*c + 3*j - 24, -c - 2*j = x. Let p(i) = -2*i - 2. What is the remainder when 27 is divided by p(c)?
13
Suppose 4*u - 1015 = -u. What is the remainder when u is divided by 34?
33
Suppose 0 = -3*s + 5*a - 0 + 2, 3*s = -3*a + 18. Suppose 0 = -s*l + 3*h - 0*h + 24, 4*l - 2*h = 28. Calculate the remainder when 25 is divided by l.
7
Let z(l) = -l**3 + l**2 + l. Suppose 0 = -5*s - 2*x + 249, 65 = -4*s - x + 263. What is the remainder when s is divided by z(-2)?
9
Suppose 0*x - x - 4*q = -3, 0 = x + 2*q - 9. Calculate the remainder when x is divided by 9.
6
Calculate the remainder when (-1760)/(-25) + (-9)/(-15) is divided by 24.
23
Suppose 4*p - p - 3 = 0. What is the remainder when 4 is divided by 1 - ((-2)/p + 0)?
1
Let q be (12/9)/(2/12). Suppose -4*x = q, -5*r + 3*x - 1 = -132. Suppose 0 = 4*v - d - 56, -55 = -4*v + 2*d + 5. Calculate the remainder when r is divided by v.
12
Calculate the remainder when 17 is divided by ((-24)/(-9))/4*15.
7
What is the remainder when (-1)/((-3)/6) + 84 + 7 is divided by 32?
29
Suppose 42 - 6 = 3*u. Let f = 81 + -46. Calculate the remainder when f is divided by u.
11
Suppose 2*v = v + 5*m + 1, 2*m = 3*v - 29. Let d(p) = p**2 + 4*p. Calculate the remainder when d(3) is divided by v.
10
Let g(n) = -2*n**2 + 4*n - 2. Let p(x) = -x**2 + 1. Let k(z) = -g(z) - 3*p(z). Calculate the remainder when k(3) is divided by 4/14 + (-75)/(-7).
10
Suppose -3*w - 20 = -7*w. Calculate the remainder when 42*w*8/60 is divided by 17.
11
Let p = 34 + -49. Let k = 30 + p. Calculate the remainder when k is divided by 9.
6
Let k(t) = 48*t**2 - 2*t - 2. What is the remainder when k(-1) is divided by 13?
9
Let w(p) = 17*p + 2. Calculate the remainder when w(0) is divided by 2/(-2*(-2 - -1)).
0
Let v(n) = 5 + 9 - n + 2*n + 0*n. What is the remainder when 40 is divided by v(0)?
12
Let c(u) = u**3 + 7*u**2 + u - 10. What is the remainder when c(-6) is divided by 12?
8
Calculate the remainder when -1 + 0 + 6 + 1 is divided by 2*(-3)/(6/(-4)).
2
Let v be (-1)/(4/((-176)/2)). Suppose q - v = -2*i, 0 = q + 3*i - 8*i - 1. What is the remainder when 31 is divided by q?
15
Suppose -y + 2*l = -15, 2*y - 2*l + 6*l - 54 = 0. Calculate the remainder when 40 is divided by y.
19
Suppose z - 5*z = 0. Suppose 5*f - 15 = -z*f. What is the remainder when f is divided by 2?
1
Suppose 4*b + 8 = 24. Let d(j) be the third derivative of j**4/24 - j**3/6 + 2*j**2. Calculate the remainder when 4 is divided by d(b).
1
Suppose 0 = -4*j - m - m + 86, 4*m = -j + 11. Let u = j + -16. What is the remainder when 12 is divided by u?
5
Suppose -33 = -3*b + 2*c + c, -3*c = -4*b + 39. Let n(g) = -g**3 + 7*g**2 + g + 9. What is the remainder when n(7) is divided by b?
4
Let i = 88 - 80. What is the remainder when 29 is divided by i?
5
Suppose 2*k + 71 = j - k, -122 = -2*j + k. What is the remainder when j is divided by 15?
14
Suppose 4*u - 168 = -0*u. What is the remainder when (-3)/(-1)*u/9 is divided by 8?
6
Let u be 0*(10/4)/5. Suppose u = 7*g - 2*g - 230. Suppose 0*t + t = 3, 0 = -4*n + 4*t + 36. What is the remainder when g is divided by n?
10
What is the remainder when ((-4)/16)/((-1)/212) is divided by 19?
15
Let u(s) = -6*s - 41. Calculate the remainder when u(-9) is divided by 9.
4
Let w = 7 + -12. Let y(l) = -l**3 - 4*l**2 + 4*l - 7. Let i be y(w). What is the remainder when 14 is divided by 1 - (-7 - (-2 - i))?
6
Suppose 2*f - 32 = -0*f. What is the remainder when 30 is divided by f?
14
Let q(t) = -13*t - 25. Calculate the remainder when q(-5) is divided by 21.
19
What is the remainder when 25 is divided by 15/(-2)*-4*2/4?
10
Let a(t) = -t**2 - 2*t + 17. Let x = 27 + -27. What is the remainder when a(x) is divided by 6?
5
Suppose 